{"id":3645,"date":"2025-01-28T15:23:46","date_gmt":"2025-01-28T18:23:46","guid":{"rendered":"https:\/\/www.chediack.com.ar\/?page_id=3645"},"modified":"2025-09-24T11:14:26","modified_gmt":"2025-09-24T14:14:26","slug":"equipamiento","status":"publish","type":"page","link":"https:\/\/www.chediack.com.ar\/?page_id=3645","title":{"rendered":"Equipamiento"},"content":{"rendered":"\t\t<div data-elementor-type=\"wp-page\" data-elementor-id=\"3645\" class=\"elementor elementor-3645\" data-elementor-post-type=\"page\">\n\t\t\t\t<div class=\"elementor-element elementor-element-608bedd e-flex e-con-boxed e-con e-parent\" data-id=\"608bedd\" data-element_type=\"container\" data-e-type=\"container\">\n\t\t\t\t\t<div class=\"e-con-inner\">\n\t\t\t\t<div class=\"elementor-element elementor-element-4370ef4 elementor-widget elementor-widget-text-editor\" data-id=\"4370ef4\" data-element_type=\"widget\" data-e-type=\"widget\" data-widget_type=\"text-editor.default\">\n\t\t\t\t<div class=\"elementor-widget-container\">\n\t\t\t\t\t\t\t\t\t<h5 style=\"text-align: center;\"><span style=\"color: #000000;\">Contamos con uno de los parques\u2028de equipos m\u00e1s modernos del pa\u00eds, para la ejecuci\u00f3n de todo tipo de obras y servicios.<\/span><br><span style=\"color: #000000;\">Nuestras bases operativas est\u00e1n ubicadas en tres puntos estrat\u00e9gicos del pa\u00eds: General Rodriguez en el Gran Buenos Aires, Falda del Carmen en C\u00f3rdoba y Vista Alegre, Neuqu\u00e9n, en cercan\u00edas de Vaca Muerta.<\/span><\/h5>\t\t\t\t\t\t\t\t<\/div>\n\t\t\t\t<\/div>\n\t\t\t\t\t<\/div>\n\t\t\t\t<\/div>\n\t\t<div class=\"elementor-element elementor-element-0360a25 e-flex e-con-boxed e-con e-parent\" data-id=\"0360a25\" data-element_type=\"container\" data-e-type=\"container\">\n\t\t\t\t\t<div class=\"e-con-inner\">\n\t\t\t\t<div class=\"elementor-element elementor-element-ac00475 elementor-widget-divider--view-line elementor-widget elementor-widget-divider\" data-id=\"ac00475\" data-element_type=\"widget\" data-e-type=\"widget\" data-widget_type=\"divider.default\">\n\t\t\t\t<div class=\"elementor-widget-container\">\n\t\t\t\t\t\t\t<div class=\"elementor-divider\">\n\t\t\t<span class=\"elementor-divider-separator\">\n\t\t\t\t\t\t<\/span>\n\t\t<\/div>\n\t\t\t\t\t\t<\/div>\n\t\t\t\t<\/div>\n\t\t\t\t\t<\/div>\n\t\t\t\t<\/div>\n\t\t<div class=\"elementor-element elementor-element-f49a4e2 e-flex e-con-boxed e-con e-parent\" data-id=\"f49a4e2\" data-element_type=\"container\" data-e-type=\"container\">\n\t\t\t\t\t<div class=\"e-con-inner\">\n\t\t\t\t<div class=\"elementor-element elementor-element-bb0f0bb elementor-widget elementor-widget-heading\" data-id=\"bb0f0bb\" data-element_type=\"widget\" data-e-type=\"widget\" data-widget_type=\"heading.default\">\n\t\t\t\t<div class=\"elementor-widget-container\">\n\t\t\t\t\t<h3 class=\"elementor-heading-title elementor-size-default\">Nuestro taller central\n<\/h3>\t\t\t\t<\/div>\n\t\t\t\t<\/div>\n\t\t\t\t\t<\/div>\n\t\t\t\t<\/div>\n\t\t<div class=\"elementor-element elementor-element-fc9a653 e-flex e-con-boxed e-con e-parent\" data-id=\"fc9a653\" data-element_type=\"container\" data-e-type=\"container\">\n\t\t\t\t\t<div class=\"e-con-inner\">\n\t\t<div class=\"elementor-element elementor-element-e1ccb40 e-con-full e-flex e-con e-child\" data-id=\"e1ccb40\" data-element_type=\"container\" data-e-type=\"container\">\n\t\t\t\t<div class=\"elementor-element elementor-element-810086a elementor-widget elementor-widget-text-editor\" data-id=\"810086a\" data-element_type=\"widget\" data-e-type=\"widget\" data-widget_type=\"text-editor.default\">\n\t\t\t\t<div class=\"elementor-widget-container\">\n\t\t\t\t\t\t\t\t\t<p><span style=\"color: #000000;\">Se desarrolla en un predio de 20 Ha. Consta de tres naves de 2.450 m2 de superficie cada una y 15 m. de altura libre. Un edificio administrativo con vestuarios de 850 m2 de superficie, un edificio comedor, SUM y sala de capacitaci\u00f3n de 400 m2, y un sector de viviendas para el personal, de 360 m2. Cuenta con una subestaci\u00f3n transformadora de 300 kva. y planta reguladora de gas, sistema de detecci\u00f3n de intrusos e iluminaci\u00f3n exterior.<\/span><br \/><span style=\"color: #000000;\">Anexado al taller, se encuentra la planta de premoldeados y la planta de hormig\u00f3n, las cuales abastecen eficientemente a nuestras operaciones.<\/span><\/p>\t\t\t\t\t\t\t\t<\/div>\n\t\t\t\t<\/div>\n\t\t\t\t<\/div>\n\t\t<div class=\"elementor-element elementor-element-d488779 e-con-full e-flex e-con e-child\" data-id=\"d488779\" data-element_type=\"container\" data-e-type=\"container\">\n\t\t\t\t<div class=\"elementor-element elementor-element-9c2c587 elementor-widget elementor-widget-image\" data-id=\"9c2c587\" data-element_type=\"widget\" data-e-type=\"widget\" data-widget_type=\"image.default\">\n\t\t\t\t<div class=\"elementor-widget-container\">\n\t\t\t\t\t\t\t\t\t\t\t\t\t\t\t<img fetchpriority=\"high\" decoding=\"async\" width=\"1024\" height=\"576\" src=\"https:\/\/www.chediack.com.ar\/wp-content\/uploads\/2025\/01\/Taller-Rodriguez-1024x576.jpg\" class=\"attachment-large size-large wp-image-3646\" alt=\"\" srcset=\"https:\/\/www.chediack.com.ar\/wp-content\/uploads\/2025\/01\/Taller-Rodriguez-1024x576.jpg 1024w, https:\/\/www.chediack.com.ar\/wp-content\/uploads\/2025\/01\/Taller-Rodriguez-300x169.jpg 300w, https:\/\/www.chediack.com.ar\/wp-content\/uploads\/2025\/01\/Taller-Rodriguez-768x432.jpg 768w, https:\/\/www.chediack.com.ar\/wp-content\/uploads\/2025\/01\/Taller-Rodriguez-1536x864.jpg 1536w, https:\/\/www.chediack.com.ar\/wp-content\/uploads\/2025\/01\/Taller-Rodriguez-2048x1152.jpg 2048w\" sizes=\"(max-width: 1024px) 100vw, 1024px\" \/>\t\t\t\t\t\t\t\t\t\t\t\t\t\t\t<\/div>\n\t\t\t\t<\/div>\n\t\t\t\t<\/div>\n\t\t\t\t\t<\/div>\n\t\t\t\t<\/div>\n\t\t\t\t<\/div>\n\t\t","protected":false},"excerpt":{"rendered":"<p>Contamos con uno de los parques\u2028de equipos m\u00e1s modernos del pa\u00eds, para la ejecuci\u00f3n de todo tipo de obras y servicios.Nuestras bases operativas est\u00e1n ubicadas en tres puntos estrat\u00e9gicos del pa\u00eds: General Rodriguez en el Gran Buenos Aires, Falda del Carmen en C\u00f3rdoba y Vista Alegre, Neuqu\u00e9n, en cercan\u00edas de Vaca Muerta. Nuestro taller central [&hellip;]<\/p>\n","protected":false},"author":1,"featured_media":0,"parent":3622,"menu_order":0,"comment_status":"closed","ping_status":"closed","template":"","meta":{"_monsterinsights_skip_tracking":false,"_monsterinsights_sitenote_active":false,"_monsterinsights_sitenote_note":"","_monsterinsights_sitenote_category":0,"footnotes":""},"class_list":["post-3645","page","type-page","status-publish","hentry"],"_links":{"self":[{"href":"https:\/\/www.chediack.com.ar\/index.php?rest_route=\/wp\/v2\/pages\/3645","targetHints":{"allow":["GET"]}}],"collection":[{"href":"https:\/\/www.chediack.com.ar\/index.php?rest_route=\/wp\/v2\/pages"}],"about":[{"href":"https:\/\/www.chediack.com.ar\/index.php?rest_route=\/wp\/v2\/types\/page"}],"author":[{"embeddable":true,"href":"https:\/\/www.chediack.com.ar\/index.php?rest_route=\/wp\/v2\/users\/1"}],"replies":[{"embeddable":true,"href":"https:\/\/www.chediack.com.ar\/index.php?rest_route=%2Fwp%2Fv2%2Fcomments&post=3645"}],"version-history":[{"count":18,"href":"https:\/\/www.chediack.com.ar\/index.php?rest_route=\/wp\/v2\/pages\/3645\/revisions"}],"predecessor-version":[{"id":4282,"href":"https:\/\/www.chediack.com.ar\/index.php?rest_route=\/wp\/v2\/pages\/3645\/revisions\/4282"}],"up":[{"embeddable":true,"href":"https:\/\/www.chediack.com.ar\/index.php?rest_route=\/wp\/v2\/pages\/3622"}],"wp:attachment":[{"href":"https:\/\/www.chediack.com.ar\/index.php?rest_route=%2Fwp%2Fv2%2Fmedia&parent=3645"}],"curies":[{"name":"wp","href":"https:\/\/api.w.org\/{rel}","templated":true}]}}